{"id":15,"date":"2009-11-07T23:50:28","date_gmt":"2009-11-07T22:50:28","guid":{"rendered":"http:\/\/secure-u.de\/?page_id=15"},"modified":"2009-11-07T23:50:28","modified_gmt":"2009-11-07T22:50:28","slug":"finanzordnung","status":"publish","type":"page","link":"https:\/\/secure-u.de\/?page_id=15","title":{"rendered":"Finanzordnung"},"content":{"rendered":"<h2 class=\"western\">\u00a71 Grunds\u00e4tze Wirtschaftlichkeit und Sparsamkeit<\/h2>\n<ol>\n<li>\n<p style=\"margin-bottom: 0cm;\">Der Verein ist nach den \tGrunds\u00e4tzen der Wirtschaftlichkeit zu f\u00fchren, das hei\u00dft, die \tAufwendungen m\u00fcssen in einem wirtschaftlichen Verh\u00e4ltnis zu den \terzielten und erwarteten Ertr\u00e4gen stehen.<\/p>\n<\/li>\n<li>\n<p style=\"margin-bottom: 0cm;\">Die Mittel des Vereins d\u00fcrfen nur \tf\u00fcr die satzungsm\u00e4\u00dfigen Zwecke verwendet werden. Die Mitglieder \terhalten in ihrer Eigenschaft als Mitglieder hieraus keine \tZuwendungen.<\/p>\n<\/li>\n<li>\n<p>Es darf keine Person durch Ausgaben, die dem Zweck des \tVereins fremd sind oder durch unverh\u00e4ltnism\u00e4\u00dfig hohe Verg\u00fctungen \tbeg\u00fcnstigt werden.<\/p>\n<\/li>\n<\/ol>\n<h2 class=\"western\">\u00a72 Haushaltsplan<\/h2>\n<ol>\n<li>\n<p>F\u00fcr jedes Gesch\u00e4ftsjahr muss vom Vorstand ein Haushaltsplan \taufgestellt werden. Der Haushaltsplan muss sich in seinem Aufbau \tnach dem Kontenplan des Vereins richten.<\/p>\n<\/li>\n<\/ol>\n<h2 class=\"western\">\u00a73 Jahresabschluss<\/h2>\n<ol>\n<li>\n<p style=\"margin-bottom: 0cm;\">Im Jahresabschluss m\u00fcssen alle \tEinnahmen und Ausgaben des Vereins f\u00fcr das abgelaufene \tGesch\u00e4ftsjahr nachgewiesen werden. Dar\u00fcber hinaus muss eine \tSchulden- und Verm\u00f6gens\u00fcbersicht enthalten sein.<\/p>\n<\/li>\n<li>\n<p style=\"margin-bottom: 0cm;\">Der Jahresabschluss ist von den \tgew\u00e4hlten Kassenpr\u00fcfern gem\u00e4\u00df \u00a77 Abs. 6 der Vereinssatzung zu \tpr\u00fcfen. Dar\u00fcber hinaus sind die Kassenpr\u00fcfer berechtigt, \tregelm\u00e4\u00dfig und unangemeldet Pr\u00fcfungen durchzuf\u00fchren.<\/p>\n<\/li>\n<li>\n<p style=\"margin-bottom: 0cm;\">Die Kassenpr\u00fcfer \u00fcberwachen die \tEinhaltung der Finanzordnung.<\/p>\n<\/li>\n<li>\n<p>Der Jahresabschluss wird nach Fertigstellung \u00f6ffentlich \tzug\u00e4nglich gemacht.<\/p>\n<\/li>\n<\/ol>\n<h2 class=\"western\">\u00a74 Verwaltung der Finanzmittel<\/h2>\n<ol>\n<li>\n<p style=\"margin-bottom: 0cm;\">Alle Finanzgesch\u00e4fte werden \u00fcber \tdie Vereinshauptkasse abgewickelt.<\/p>\n<\/li>\n<li>\n<p style=\"margin-bottom: 0cm;\">Der Schatzmeister verwaltet die \tVereinshauptkasse.<\/p>\n<\/li>\n<li>\n<p style=\"margin-bottom: 0cm;\">Zahlungen werden vom Schatzmeister \tnur geleistet, wenn sie nach \u00a7 6 dieser Finanzordnung ordnungsgem\u00e4\u00df \tausgewiesen sind, und im Rahmen des Haushaltsplanes noch \tausreichende Finanzmittel zur Verf\u00fcgung stehen.<\/p>\n<\/li>\n<li>\n<p style=\"margin-bottom: 0cm;\">Der Schatzmeister ist f\u00fcr die \tEinhaltung des Haushaltsplanes verantwortlich.<\/p>\n<\/li>\n<li>\n<p>Sonderkonten bzw. Sonderkassen k\u00f6nnen vom Vorstand auf \tAntrag, in Ausnahmef\u00e4llen und zeitlich befristet genehmigt werden \t(z.B. bei Gro\u00dfveranstaltungen, die nicht vom Gesamtverein \tausgerichtet werden). Die Abrechnung der Einnahmen und Ausgaben ist \tmit dem Schatzmeister vorzunehmen. Die Aufl\u00f6sung der Sonderkonten \tmuss in diesen F\u00e4llen sp\u00e4testens zwei Monate nach Beendigung der \tVeranstaltung erfolgen.<\/p>\n<\/li>\n<\/ol>\n<h2 class=\"western\">\u00a7 5 Erhebung und Verwendung der Finanzmittel<\/h2>\n<ol>\n<li>\n<p style=\"margin-bottom: 0cm;\">Alle Mitgliedsbeitr\u00e4ge werden vom \tGesamtverein erhoben und verbucht.<\/p>\n<\/li>\n<li>\n<p>Die Finanzmittel sind entsprechend \u00a72 dieser Finanzordnung \tzu verwenden.<\/p>\n<\/li>\n<\/ol>\n<h2 class=\"western\">\u00a76 Zahlungsverkehr<\/h2>\n<ol>\n<li>\n<p style=\"margin-bottom: 0cm;\">Der gesamte Zahlungsverkehr wird \t\u00fcber die Vereinshauptkasse und vorwiegend bargeldlos abgewickelt.<\/p>\n<\/li>\n<li>\n<p style=\"margin-bottom: 0cm;\">\u00dcber jede Einnahme und Ausgabe \tmuss ein Beleg vorhanden sein. Der Beleg muss den Tag der Ausgabe, \tden zu zahlenden Betrag, ggfls. die Mehrwertsteuer und den \tVerwendungszweck enthalten.<\/p>\n<\/li>\n<li>\n<p style=\"margin-bottom: 0cm;\">Bei Gesamtabrechnungen muss auf \tdem Deckblatt die Zahl der Unterbelege vermerkt werden.<\/p>\n<\/li>\n<li>\n<p style=\"margin-bottom: 0cm;\">Die best\u00e4tigten Rechnungen sind, \tunter Beachtung von Skontofristen, dem Schatzmeister rechtzeitig zur \tBegleichung einzureichen.<\/p>\n<\/li>\n<li>\n<p style=\"margin-bottom: 0cm;\">Wegen des Jahresabschlusses sind \tBarauslagen zum 30.12. des auslaufenden Jahres beim Schatzmeister \tabzurechnen.<\/p>\n<\/li>\n<li>\n<p>Zur Vorbereitung von Veranstaltungen ist es dem Schatzmeister \tgestattet, Vorsch\u00fcsse in H\u00f6he des zu erwartenden Bedarfs zu \tgew\u00e4hren. Diese Vorsch\u00fcsse sind sp\u00e4testens 2 Monate nach \tBeendigung der Veranstaltung abzurechnen.<\/p>\n<\/li>\n<\/ol>\n<h2 class=\"western\">\u00a77 Eingehen von Verbindlichkeiten<\/h2>\n<ol>\n<li>\n<p style=\"margin-bottom: 0cm;\">Das Eingehen von \tRechtsverbindlichkeiten im Rahmen des Haushaltsplanes ist im \tEinzelfall vorbehalten:<\/p>\n<ul>\n<li>\n<p style=\"margin-bottom: 0cm;\">dem 1. Vorsitzenden bis zu einer \t\tSumme von \u20ac 2.500,-<\/p>\n<\/li>\n<li>\n<p style=\"margin-bottom: 0cm;\">dem Vorstand bis zu einem Betrag \t\tvon \u20ac 10.000,-<\/p>\n<\/li>\n<li>\n<p style=\"margin-bottom: 0cm;\">der Schatzmeister ist berechtigt, \t\tVerbindlichkeiten f\u00fcr den B\u00fcro- und Verwaltungsbedarf einzugehen<\/p>\n<\/li>\n<li>\n<p style=\"margin-bottom: 0cm;\">der Mitgliederversammlung bei \t\teinem Betrag von mehr als \u20ac 10.000,-<\/p>\n<\/li>\n<\/ul>\n<\/li>\n<li>\n<p>Es ist unzul\u00e4ssig, einen einheitlichen wirtschaftlichen \tVorgang zu teilen, um dadurch die Zust\u00e4ndigkeit f\u00fcr die \tGenehmigung der Ausgabe zu begr\u00fcnden.<\/p>\n<\/li>\n<\/ol>\n<h2 class=\"western\">\u00a78 Spenden<\/h2>\n<ol>\n<li>\n<p style=\"margin-bottom: 0cm;\">Der Verein ist vorbehaltlich der \tGenehmigung der zust\u00e4ndigen Finanzbeh\u00f6rde berechtigt, \tsteuerbeg\u00fcnstigte Zuwendungsbescheinigungen auszustellen.<\/p>\n<\/li>\n<li>\n<p style=\"margin-bottom: 0cm;\">Spenden, f\u00fcr die eine solche \tZuwendungsbescheinigung erw\u00fcnscht wird, m\u00fcssen mit der Angabe der \tZweckbestimmung dem Verein \u00fcberwiesen werden.<\/p>\n<\/li>\n<li>\n<p>Spenden kommen dem Gesamtverein zugute, wenn sie vom Spender \tnicht ausdr\u00fccklich einem bestimmten Zweck zugewiesen werden.<\/p>\n<\/li>\n<\/ol>\n<h2 class=\"western\">\u00a79 Inventar<\/h2>\n<ol>\n<li>\n<p style=\"margin-bottom: 0cm;\">Zur Erfassung des Inventars ist \tvon der Gesch\u00e4ftsstelle ein Inventar-Verzeichnis anzulegen.<\/p>\n<\/li>\n<li>\n<p style=\"margin-bottom: 0cm;\">Es sind alle Gegenst\u00e4nde \taufzunehmen, die nicht zum Verbrauch bestimmt sind.<\/p>\n<\/li>\n<li>\n<p style=\"margin-bottom: 0cm;\">Die Inventar-Liste muss enthalten:<\/p>\n<ul>\n<li>\n<p style=\"margin-bottom: 0cm;\">Anschaffungsdatum<\/p>\n<\/li>\n<li>\n<p style=\"margin-bottom: 0cm;\">Bezeichnung des Gegenstandes<\/p>\n<\/li>\n<li>\n<p style=\"margin-bottom: 0cm;\">Anschaffungs- und Zeitwert<\/p>\n<\/li>\n<li>\n<p style=\"margin-bottom: 0cm;\">beschaffende Abteilung<\/p>\n<\/li>\n<li>\n<p style=\"margin-bottom: 0cm;\">Aufbewahrungsort<\/p>\n<\/li>\n<\/ul>\n<\/li>\n<li>\n<p style=\"margin-bottom: 0cm;\">Gegenst\u00e4nde, die ausgesondert \twerden, sind mit einer kurzen Begr\u00fcndung anzuzeigen.<\/p>\n<\/li>\n<li>\n<p style=\"margin-bottom: 0cm;\">Unbrauchbares bzw. \u00fcberz\u00e4hliges \tGer\u00e4t und Inventar ist m\u00f6glichst gewinnbringend zu ver\u00e4u\u00dfern \toder einem gemeinn\u00fctzigen Zweck zuzuf\u00fchren. Der Erl\u00f6s muss der \tVereinshauptkasse zugef\u00fchrt werden.<\/p>\n<\/li>\n<li>\n<p style=\"margin-bottom: 0cm;\">\u00dcber verschenkte Gegenst\u00e4nde ist \tein Beleg vorzulegen.<\/p>\n<\/li>\n<li>\n<p style=\"margin-bottom: 0cm;\">Die Inventarliste ist mindestens \tj\u00e4hrlich zu aktualisieren.<\/p>\n<\/li>\n<\/ol>\n<h2 class=\"western\">\u00a710 Inkrafttreten<\/h2>\n<p>Diese Finanzordnung wurde von der Mitgliederversammlung am 15.12.2007 beschlossen und tritt mit sofortiger Wirkung in Kraft.<\/p>\n<p>&nbsp;<\/p>\n<p><!--more--><\/p>\n<h2 class=\"western\">\u00a71 Grunds\u00e4tze Wirtschaftlichkeit und Sparsamkeit<\/h2>\n<ol>\n<li>\n<p style=\"margin-bottom: 0cm;\">Der Verein ist nach den \tGrunds\u00e4tzen der Wirtschaftlichkeit zu f\u00fchren, das hei\u00dft, die \tAufwendungen m\u00fcssen in einem wirtschaftlichen Verh\u00e4ltnis zu den \terzielten und erwarteten Ertr\u00e4gen stehen.<\/p>\n<\/li>\n<li>\n<p style=\"margin-bottom: 0cm;\">Die Mittel des Vereins d\u00fcrfen nur \tf\u00fcr die satzungsm\u00e4\u00dfigen Zwecke verwendet werden. Die Mitglieder \terhalten in ihrer Eigenschaft als Mitglieder hieraus keine \tZuwendungen.<\/p>\n<\/li>\n<li>\n<p>Es darf keine Person durch Ausgaben, die dem Zweck des \tVereins fremd sind oder durch unverh\u00e4ltnism\u00e4\u00dfig hohe Verg\u00fctungen \tbeg\u00fcnstigt werden.<\/p>\n<\/li>\n<\/ol>\n<h2 class=\"western\">\u00a72 Haushaltsplan<\/h2>\n<ol>\n<li>\n<p>F\u00fcr jedes Gesch\u00e4ftsjahr muss vom Vorstand ein Haushaltsplan \taufgestellt werden. Der Haushaltsplan muss sich in seinem Aufbau \tnach dem Kontenplan des Vereins richten.<\/p>\n<\/li>\n<\/ol>\n<h2 class=\"western\">\u00a73 Jahresabschluss<\/h2>\n<ol>\n<li>\n<p style=\"margin-bottom: 0cm;\">Im Jahresabschluss m\u00fcssen alle \tEinnahmen und Ausgaben des Vereins f\u00fcr das abgelaufene \tGesch\u00e4ftsjahr nachgewiesen werden. Dar\u00fcber hinaus muss eine \tSchulden- und Verm\u00f6gens\u00fcbersicht enthalten sein.<\/p>\n<\/li>\n<li>\n<p style=\"margin-bottom: 0cm;\">Der Jahresabschluss ist von den \tgew\u00e4hlten Kassenpr\u00fcfern gem\u00e4\u00df \u00a77 Abs. 6 der Vereinssatzung zu \tpr\u00fcfen. Dar\u00fcber hinaus sind die Kassenpr\u00fcfer berechtigt, \tregelm\u00e4\u00dfig und unangemeldet Pr\u00fcfungen durchzuf\u00fchren.<\/p>\n<\/li>\n<li>\n<p style=\"margin-bottom: 0cm;\">Die Kassenpr\u00fcfer \u00fcberwachen die \tEinhaltung der Finanzordnung.<\/p>\n<\/li>\n<li>\n<p>Der Jahresabschluss wird nach Fertigstellung \u00f6ffentlich \tzug\u00e4nglich gemacht.<\/p>\n<\/li>\n<\/ol>\n<h2 class=\"western\">\u00a74 Verwaltung der Finanzmittel<\/h2>\n<ol>\n<li>\n<p style=\"margin-bottom: 0cm;\">Alle Finanzgesch\u00e4fte werden \u00fcber \tdie Vereinshauptkasse abgewickelt.<\/p>\n<\/li>\n<li>\n<p style=\"margin-bottom: 0cm;\">Der Schatzmeister verwaltet die \tVereinshauptkasse.<\/p>\n<\/li>\n<li>\n<p style=\"margin-bottom: 0cm;\">Zahlungen werden vom Schatzmeister \tnur geleistet, wenn sie nach \u00a7 6 dieser Finanzordnung ordnungsgem\u00e4\u00df \tausgewiesen sind, und im Rahmen des Haushaltsplanes noch \tausreichende Finanzmittel zur Verf\u00fcgung stehen.<\/p>\n<\/li>\n<li>\n<p style=\"margin-bottom: 0cm;\">Der Schatzmeister ist f\u00fcr die \tEinhaltung des Haushaltsplanes verantwortlich.<\/p>\n<\/li>\n<li>\n<p>Sonderkonten bzw. Sonderkassen k\u00f6nnen vom Vorstand auf \tAntrag, in Ausnahmef\u00e4llen und zeitlich befristet genehmigt werden \t(z.B. bei Gro\u00dfveranstaltungen, die nicht vom Gesamtverein \tausgerichtet werden). Die Abrechnung der Einnahmen und Ausgaben ist \tmit dem Schatzmeister vorzunehmen. Die Aufl\u00f6sung der Sonderkonten \tmuss in diesen F\u00e4llen sp\u00e4testens zwei Monate nach Beendigung der \tVeranstaltung erfolgen.<\/p>\n<\/li>\n<\/ol>\n<h2 class=\"western\">\u00a7 5 Erhebung und Verwendung der Finanzmittel<\/h2>\n<ol>\n<li>\n<p style=\"margin-bottom: 0cm;\">Alle Mitgliedsbeitr\u00e4ge werden vom \tGesamtverein erhoben und verbucht.<\/p>\n<\/li>\n<li>\n<p>Die Finanzmittel sind entsprechend \u00a72 dieser Finanzordnung \tzu verwenden.<\/p>\n<\/li>\n<\/ol>\n<h2 class=\"western\">\u00a76 Zahlungsverkehr<\/h2>\n<ol>\n<li>\n<p style=\"margin-bottom: 0cm;\">Der gesamte Zahlungsverkehr wird \t\u00fcber die Vereinshauptkasse und vorwiegend bargeldlos abgewickelt.<\/p>\n<\/li>\n<li>\n<p style=\"margin-bottom: 0cm;\">\u00dcber jede Einnahme und Ausgabe \tmuss ein Beleg vorhanden sein. Der Beleg muss den Tag der Ausgabe, \tden zu zahlenden Betrag, ggfls. die Mehrwertsteuer und den \tVerwendungszweck enthalten.<\/p>\n<\/li>\n<li>\n<p style=\"margin-bottom: 0cm;\">Bei Gesamtabrechnungen muss auf \tdem Deckblatt die Zahl der Unterbelege vermerkt werden.<\/p>\n<\/li>\n<li>\n<p style=\"margin-bottom: 0cm;\">Die best\u00e4tigten Rechnungen sind, \tunter Beachtung von Skontofristen, dem Schatzmeister rechtzeitig zur \tBegleichung einzureichen.<\/p>\n<\/li>\n<li>\n<p style=\"margin-bottom: 0cm;\">Wegen des Jahresabschlusses sind \tBarauslagen zum 30.12. des auslaufenden Jahres beim Schatzmeister \tabzurechnen.<\/p>\n<\/li>\n<li>\n<p>Zur Vorbereitung von Veranstaltungen ist es dem Schatzmeister \tgestattet, Vorsch\u00fcsse in H\u00f6he des zu erwartenden Bedarfs zu \tgew\u00e4hren. Diese Vorsch\u00fcsse sind sp\u00e4testens 2 Monate nach \tBeendigung der Veranstaltung abzurechnen.<\/p>\n<\/li>\n<\/ol>\n<h2 class=\"western\">\u00a77 Eingehen von Verbindlichkeiten<\/h2>\n<ol>\n<li>\n<p style=\"margin-bottom: 0cm;\">Das Eingehen von \tRechtsverbindlichkeiten im Rahmen des Haushaltsplanes ist im \tEinzelfall vorbehalten:<\/p>\n<ul>\n<li>\n<p style=\"margin-bottom: 0cm;\">dem 1. Vorsitzenden bis zu einer \t\tSumme von \u20ac 2.500,-<\/p>\n<\/li>\n<li>\n<p style=\"margin-bottom: 0cm;\">dem Vorstand bis zu einem Betrag \t\tvon \u20ac 10.000,-<\/p>\n<\/li>\n<li>\n<p style=\"margin-bottom: 0cm;\">der Schatzmeister ist berechtigt, \t\tVerbindlichkeiten f\u00fcr den B\u00fcro- und Verwaltungsbedarf einzugehen<\/p>\n<\/li>\n<li>\n<p style=\"margin-bottom: 0cm;\">der Mitgliederversammlung bei \t\teinem Betrag von mehr als \u20ac 10.000,-<\/p>\n<\/li>\n<\/ul>\n<\/li>\n<li>\n<p>Es ist unzul\u00e4ssig, einen einheitlichen wirtschaftlichen \tVorgang zu teilen, um dadurch die Zust\u00e4ndigkeit f\u00fcr die \tGenehmigung der Ausgabe zu begr\u00fcnden.<\/p>\n<\/li>\n<\/ol>\n<h2 class=\"western\">\u00a78 Spenden<\/h2>\n<ol>\n<li>\n<p style=\"margin-bottom: 0cm;\">Der Verein ist vorbehaltlich der \tGenehmigung der zust\u00e4ndigen Finanzbeh\u00f6rde berechtigt, \tsteuerbeg\u00fcnstigte Zuwendungsbescheinigungen auszustellen.<\/p>\n<\/li>\n<li>\n<p style=\"margin-bottom: 0cm;\">Spenden, f\u00fcr die eine solche \tZuwendungsbescheinigung erw\u00fcnscht wird, m\u00fcssen mit der Angabe der \tZweckbestimmung dem Verein \u00fcberwiesen werden.<\/p>\n<\/li>\n<li>\n<p>Spenden kommen dem Gesamtverein zugute, wenn sie vom Spender \tnicht ausdr\u00fccklich einem bestimmten Zweck zugewiesen werden.<\/p>\n<\/li>\n<\/ol>\n<h2 class=\"western\">\u00a79 Inventar<\/h2>\n<ol>\n<li>\n<p style=\"margin-bottom: 0cm;\">Zur Erfassung des Inventars ist \tvon der Gesch\u00e4ftsstelle ein Inventar-Verzeichnis anzulegen.<\/p>\n<\/li>\n<li>\n<p style=\"margin-bottom: 0cm;\">Es sind alle Gegenst\u00e4nde \taufzunehmen, die nicht zum Verbrauch bestimmt sind.<\/p>\n<\/li>\n<li>\n<p style=\"margin-bottom: 0cm;\">Die Inventar-Liste muss enthalten:<\/p>\n<ul>\n<li>\n<p style=\"margin-bottom: 0cm;\">Anschaffungsdatum<\/p>\n<\/li>\n<li>\n<p style=\"margin-bottom: 0cm;\">Bezeichnung des Gegenstandes<\/p>\n<\/li>\n<li>\n<p style=\"margin-bottom: 0cm;\">Anschaffungs- und Zeitwert<\/p>\n<\/li>\n<li>\n<p style=\"margin-bottom: 0cm;\">beschaffende Abteilung<\/p>\n<\/li>\n<li>\n<p style=\"margin-bottom: 0cm;\">Aufbewahrungsort<\/p>\n<\/li>\n<\/ul>\n<\/li>\n<li>\n<p style=\"margin-bottom: 0cm;\">Gegenst\u00e4nde, die ausgesondert \twerden, sind mit einer kurzen Begr\u00fcndung anzuzeigen.<\/p>\n<\/li>\n<li>\n<p style=\"margin-bottom: 0cm;\">Unbrauchbares bzw. \u00fcberz\u00e4hliges \tGer\u00e4t und Inventar ist m\u00f6glichst gewinnbringend zu ver\u00e4u\u00dfern \toder einem gemeinn\u00fctzigen Zweck zuzuf\u00fchren. Der Erl\u00f6s muss der \tVereinshauptkasse zugef\u00fchrt werden.<\/p>\n<\/li>\n<li>\n<p style=\"margin-bottom: 0cm;\">\u00dcber verschenkte Gegenst\u00e4nde ist \tein Beleg vorzulegen.<\/p>\n<\/li>\n<li>\n<p style=\"margin-bottom: 0cm;\">Die Inventarliste ist mindestens \tj\u00e4hrlich zu aktualisieren.<\/p>\n<\/li>\n<\/ol>\n<h2 class=\"western\">\u00a710 Inkrafttreten<\/h2>\n<p>Diese Finanzordnung wurde von der Mitgliederversammlung am 15.12.2007 beschlossen und tritt mit sofortiger Wirkung in Kraft.<\/p>\n<p>&nbsp;<\/p>\n","protected":false},"excerpt":{"rendered":"<p>\u00a71 Grunds\u00e4tze Wirtschaftlichkeit und Sparsamkeit Der Verein ist nach den Grunds\u00e4tzen der Wirtschaftlichkeit zu f\u00fchren, das hei\u00dft, die Aufwendungen m\u00fcssen in einem wirtschaftlichen Verh\u00e4ltnis zu den erzielten und erwarteten Ertr\u00e4gen stehen. Die Mittel des Vereins d\u00fcrfen nur f\u00fcr die satzungsm\u00e4\u00dfigen Zwecke verwendet werden. Die Mitglieder erhalten in ihrer Eigenschaft als Mitglieder hieraus keine Zuwendungen. Es [&hellip;]<\/p>\n","protected":false},"author":1,"featured_media":0,"parent":0,"menu_order":0,"comment_status":"closed","ping_status":"closed","template":"","meta":{"footnotes":""},"class_list":["post-15","page","type-page","status-publish","hentry"],"_links":{"self":[{"href":"https:\/\/secure-u.de\/index.php?rest_route=\/wp\/v2\/pages\/15","targetHints":{"allow":["GET"]}}],"collection":[{"href":"https:\/\/secure-u.de\/index.php?rest_route=\/wp\/v2\/pages"}],"about":[{"href":"https:\/\/secure-u.de\/index.php?rest_route=\/wp\/v2\/types\/page"}],"author":[{"embeddable":true,"href":"https:\/\/secure-u.de\/index.php?rest_route=\/wp\/v2\/users\/1"}],"replies":[{"embeddable":true,"href":"https:\/\/secure-u.de\/index.php?rest_route=%2Fwp%2Fv2%2Fcomments&post=15"}],"version-history":[{"count":0,"href":"https:\/\/secure-u.de\/index.php?rest_route=\/wp\/v2\/pages\/15\/revisions"}],"wp:attachment":[{"href":"https:\/\/secure-u.de\/index.php?rest_route=%2Fwp%2Fv2%2Fmedia&parent=15"}],"curies":[{"name":"wp","href":"https:\/\/api.w.org\/{rel}","templated":true}]}}