{"id":16,"date":"2009-11-07T23:50:29","date_gmt":"2009-11-07T22:50:29","guid":{"rendered":"http:\/\/secure-u.de\/?page_id=16"},"modified":"2009-11-07T23:50:29","modified_gmt":"2009-11-07T22:50:29","slug":"2008-2","status":"publish","type":"page","link":"https:\/\/secure-u.de\/?page_id=16","title":{"rendered":"2008"},"content":{"rendered":"<p><strong>(v20080208-01) Satzungs\u00e4nderung<strong><\/p>\n<p>Auf Grund der Aufforderung durch das Finanzamt Hamburg-Nord vom 17.01.2008 beschlie\u00dft der Vorstand des secure-u e.V. durch die Erm\u00e4chtigung nach \u00a78 Abs. 10 der von der Gr\u00fcndungsversammlung am 15.12.2007 verabschiedeten Satzung des Vereins folgende Satzungs\u00e4nderung:<\/p>\n<p>In \u00a72 (Vereinszweck) wird Abs. 1 komplett ersetzt.<\/p>\n<p>Bisherige Formulierung:<br \/>\nDer Zweck des Vereins ist die F\u00f6rderung der Sicherheit im Internet und die Unterst\u00fctzung von Anwendern bei der Anwendung sicherer Kommunikation.<\/p>\n<p>Neue Formulierung:<br \/>\nDer Verein f\u00f6rdert die Wissenschaft, Forschung und Verbraucherberatung. Insbesondere ist Zweck des Vereins die F\u00f6rderung der Sicherheit im Internet und die Unterst\u00fctzung von Anwendern bei der Anwendung sicherer Kommunikation.<\/p>\n<p>In \u00a713 (Vereinsfinanzierung) wird Abs. 3 komplett ersetzt.<\/p>\n<p>Alte Formulierung:<br \/>\nBei Aufl\u00f6sung des Vereins oder bei Wegfall steuerbeg\u00fcnstigter Zwecke f\u00e4llt das Verm\u00f6gen des Vereins an eine K\u00f6rperschaft \u00f6ffentlichen Rechts oder eine andere steuerbeg\u00fcnstigte K\u00f6rperschaft, die es ausschlie\u00dflich und unmittelbar f\u00fcr gemeinn\u00fctzige, mildt\u00e4tige oder kirchliche Zwecke zu<br \/>\nverwenden hat. Die Bestimmung \u00fcber den Empf\u00e4nger f\u00e4llt die die Aufl\u00f6sung beschlie\u00dfende Mitgliederversammlung vorbehaltlich der Zustimmung des zust\u00e4ndigen Finanzamtes. Beschl\u00fcsse \u00fcber die k\u00fcnftige Verwendung des Vereinsverm\u00f6gens d\u00fcrfen in diesem Fall erst nach Einwilligung<br \/>\ndes Finanzamtes ausgef\u00fchrt werde.<\/p>\n<p>Neue Formulierung:<br \/>\nBei Aufl\u00f6sung des Vereins oder bei Wegfall steuerbeg\u00fcnstigter Zwecke f\u00e4llt das Verm\u00f6gen des Vereins an eine K\u00f6rperschaft des \u00f6ffentlichen Rechts oder eine andere steuerbeg\u00fcnstigte K\u00f6rperschaft, die es ausschlie\u00dflich zur F\u00f6rderung von Wissenschaft, Forschung und\/oder Verbraucherberatung zu verwenden hat. Die Bestimmung \u00fcber den Empf\u00e4nger f\u00e4llt die die Aufl\u00f6sung beschlie\u00dfende Mitgliederversammlung vorbehaltlich der Zustimmung des zust\u00e4ndigen Finanzamtes. Beschl\u00fcsse \u00fcber die k\u00fcnftige Verwendung des Vereinsverm\u00f6gens d\u00fcrfen in diesem Fall erst nach Einwilligung des Finanzamtes ausgef\u00fchrt werden.<\/p>\n<p>Diese Satzungs\u00e4nderung ist den Mitgliedern auf der n\u00e4chsten Mitgliederversammlung vorzulegen.<\/p>\n<p><strong>( v20080208-02 ) Vereinslogo<\/strong><br \/>\nZur Au\u00dfendarstellung des Vereins beschlie\u00dft der Vorstand die Verwendung folgenden Logos:<\/p>\n<p><em>Siehe Seitenlayout<\/em><\/p>\n<p>Die Verwendung des Vereinslogo au\u00dferhalb Vereins eigener Medien ist nur nach Zustimmung des secure-u e.V. gestattet.<\/p>\n<p><strong>(v20080208-03) Aufnahme neuer Mitglieder<\/strong><\/p>\n<p>Nach erfolgter Eintragung in das Vereinsregister (VR 19711, Amtsgericht Hamburg) \u00f6ffnet sich der Verein f\u00fcr die Aufnahme neuer Mitglieder. Der Vorstand verabschiedet das Formular zur Beitrittserkl\u00e4rung (Beitrittserkl\u00e4rung.pdf). Das Formular ist dem Protokoll beigef\u00fcgt.<\/p>\n<p><strong>(v20080208-04) Zuwendungsbescheinigung<\/strong><\/p>\n<p>Zur Best\u00e4tigung \u00fcber \u00fcber Zuwendungen im Sinne des \u00a710b des EStG an eine der in \u00a75 Abs.1 Nr.9 des KStG bezeichneten K\u00f6rperschaften, Personenvereinigungen oder Verm\u00f6gensmassen verabschiedet der Vorstand das Formular Zuwendungsbescheinigung.pdf. Das Formular ist dem<br \/>\nProtokoll als Anlage beigef\u00fcgt.<\/p>\n<p><strong>Anmerkungen zum Abstimmungsmodus<\/strong><\/p>\n<p>Alle Beschlussvorlagen wurden ohne Gegenstimme durch den Vorstand verabschiedet. Die Abstimmung erfolgte durch signierte E-Mails, alle Signaturen konnten verifiziert werden. Die Abstimmungsergebnisse des Vorstandsmitgliedes Markus Maussner (Annahme aller Beschlussvorlagen) sind als Enthaltung zu werden, da es Herrn Maussner aus gesundheitlichen Gr\u00fcnden nicht m\u00f6glich war seine E-Mails zu signieren.<br \/>\n<!--more--><br \/>\n<strong>(v20080208-01) Satzungs\u00e4nderung<strong><\/p>\n<p>Auf Grund der Aufforderung durch das Finanzamt Hamburg-Nord vom 17.01.2008 beschlie\u00dft der Vorstand des secure-u e.V. durch die Erm\u00e4chtigung nach \u00a78 Abs. 10 der von der Gr\u00fcndungsversammlung am 15.12.2007 verabschiedeten Satzung des Vereins folgende Satzungs\u00e4nderung:<\/p>\n<p>In \u00a72 (Vereinszweck) wird Abs. 1 komplett ersetzt.<\/p>\n<p>Bisherige Formulierung:<br \/>\nDer Zweck des Vereins ist die F\u00f6rderung der Sicherheit im Internet und die Unterst\u00fctzung von Anwendern bei der Anwendung sicherer Kommunikation.<\/p>\n<p>Neue Formulierung:<br \/>\nDer Verein f\u00f6rdert die Wissenschaft, Forschung und Verbraucherberatung. Insbesondere ist Zweck des Vereins die F\u00f6rderung der Sicherheit im Internet und die Unterst\u00fctzung von Anwendern bei der Anwendung sicherer Kommunikation.<\/p>\n<p>In \u00a713 (Vereinsfinanzierung) wird Abs. 3 komplett ersetzt.<\/p>\n<p>Alte Formulierung:<br \/>\nBei Aufl\u00f6sung des Vereins oder bei Wegfall steuerbeg\u00fcnstigter Zwecke f\u00e4llt das Verm\u00f6gen des Vereins an eine K\u00f6rperschaft \u00f6ffentlichen Rechts oder eine andere steuerbeg\u00fcnstigte K\u00f6rperschaft, die es ausschlie\u00dflich und unmittelbar f\u00fcr gemeinn\u00fctzige, mildt\u00e4tige oder kirchliche Zwecke zu<br \/>\nverwenden hat. Die Bestimmung \u00fcber den Empf\u00e4nger f\u00e4llt die die Aufl\u00f6sung beschlie\u00dfende Mitgliederversammlung vorbehaltlich der Zustimmung des zust\u00e4ndigen Finanzamtes. Beschl\u00fcsse \u00fcber die k\u00fcnftige Verwendung des Vereinsverm\u00f6gens d\u00fcrfen in diesem Fall erst nach Einwilligung<br \/>\ndes Finanzamtes ausgef\u00fchrt werde.<\/p>\n<p>Neue Formulierung:<br \/>\nBei Aufl\u00f6sung des Vereins oder bei Wegfall steuerbeg\u00fcnstigter Zwecke f\u00e4llt das Verm\u00f6gen des Vereins an eine K\u00f6rperschaft des \u00f6ffentlichen Rechts oder eine andere steuerbeg\u00fcnstigte K\u00f6rperschaft, die es ausschlie\u00dflich zur F\u00f6rderung von Wissenschaft, Forschung und\/oder Verbraucherberatung zu verwenden hat. Die Bestimmung \u00fcber den Empf\u00e4nger f\u00e4llt die die Aufl\u00f6sung beschlie\u00dfende Mitgliederversammlung vorbehaltlich der Zustimmung des zust\u00e4ndigen Finanzamtes. Beschl\u00fcsse \u00fcber die k\u00fcnftige Verwendung des Vereinsverm\u00f6gens d\u00fcrfen in diesem Fall erst nach Einwilligung des Finanzamtes ausgef\u00fchrt werden.<\/p>\n<p>Diese Satzungs\u00e4nderung ist den Mitgliedern auf der n\u00e4chsten Mitgliederversammlung vorzulegen.<\/p>\n<p><strong>( v20080208-02 ) Vereinslogo<\/strong><br \/>\nZur Au\u00dfendarstellung des Vereins beschlie\u00dft der Vorstand die Verwendung folgenden Logos:<\/p>\n<p><em>Siehe Seitenlayout<\/em><\/p>\n<p>Die Verwendung des Vereinslogo au\u00dferhalb Vereins eigener Medien ist nur nach Zustimmung des secure-u e.V. gestattet.<\/p>\n<p><strong>(v20080208-03) Aufnahme neuer Mitglieder<\/strong><\/p>\n<p>Nach erfolgter Eintragung in das Vereinsregister (VR 19711, Amtsgericht Hamburg) \u00f6ffnet sich der Verein f\u00fcr die Aufnahme neuer Mitglieder. Der Vorstand verabschiedet das Formular zur Beitrittserkl\u00e4rung (Beitrittserkl\u00e4rung.pdf). Das Formular ist dem Protokoll beigef\u00fcgt.<\/p>\n<p><strong>(v20080208-04) Zuwendungsbescheinigung<\/strong><\/p>\n<p>Zur Best\u00e4tigung \u00fcber \u00fcber Zuwendungen im Sinne des \u00a710b des EStG an eine der in \u00a75 Abs.1 Nr.9 des KStG bezeichneten K\u00f6rperschaften, Personenvereinigungen oder Verm\u00f6gensmassen verabschiedet der Vorstand das Formular Zuwendungsbescheinigung.pdf. Das Formular ist dem<br \/>\nProtokoll als Anlage beigef\u00fcgt.<\/p>\n<p><strong>Anmerkungen zum Abstimmungsmodus<\/strong><\/p>\n<p>Alle Beschlussvorlagen wurden ohne Gegenstimme durch den Vorstand verabschiedet. Die Abstimmung erfolgte durch signierte E-Mails, alle Signaturen konnten verifiziert werden. Die Abstimmungsergebnisse des Vorstandsmitgliedes Markus Maussner (Annahme aller Beschlussvorlagen) sind als Enthaltung zu werden, da es Herrn Maussner aus gesundheitlichen Gr\u00fcnden nicht m\u00f6glich war seine E-Mails zu signieren.<\/p>\n","protected":false},"excerpt":{"rendered":"<p>(v20080208-01) Satzungs\u00e4nderung Auf Grund der Aufforderung durch das Finanzamt Hamburg-Nord vom 17.01.2008 beschlie\u00dft der Vorstand des secure-u e.V. durch die Erm\u00e4chtigung nach \u00a78 Abs. 10 der von der Gr\u00fcndungsversammlung am 15.12.2007 verabschiedeten Satzung des Vereins folgende Satzungs\u00e4nderung: In \u00a72 (Vereinszweck) wird Abs. 1 komplett ersetzt. Bisherige Formulierung: Der Zweck des Vereins ist die F\u00f6rderung der [&hellip;]<\/p>\n","protected":false},"author":1,"featured_media":0,"parent":0,"menu_order":0,"comment_status":"closed","ping_status":"closed","template":"","meta":{"footnotes":""},"class_list":["post-16","page","type-page","status-publish","hentry"],"_links":{"self":[{"href":"https:\/\/secure-u.de\/index.php?rest_route=\/wp\/v2\/pages\/16","targetHints":{"allow":["GET"]}}],"collection":[{"href":"https:\/\/secure-u.de\/index.php?rest_route=\/wp\/v2\/pages"}],"about":[{"href":"https:\/\/secure-u.de\/index.php?rest_route=\/wp\/v2\/types\/page"}],"author":[{"embeddable":true,"href":"https:\/\/secure-u.de\/index.php?rest_route=\/wp\/v2\/users\/1"}],"replies":[{"embeddable":true,"href":"https:\/\/secure-u.de\/index.php?rest_route=%2Fwp%2Fv2%2Fcomments&post=16"}],"version-history":[{"count":0,"href":"https:\/\/secure-u.de\/index.php?rest_route=\/wp\/v2\/pages\/16\/revisions"}],"wp:attachment":[{"href":"https:\/\/secure-u.de\/index.php?rest_route=%2Fwp%2Fv2%2Fmedia&parent=16"}],"curies":[{"name":"wp","href":"https:\/\/api.w.org\/{rel}","templated":true}]}}